{"id":394,"date":"2016-02-08T16:01:44","date_gmt":"2016-02-08T16:01:44","guid":{"rendered":"http:\/\/feguars.es\/?page_id=394"},"modified":"2018-06-29T16:12:47","modified_gmt":"2018-06-29T16:12:47","slug":"don-dorondon","status":"publish","type":"page","link":"http:\/\/feguars.es\/?page_id=394","title":{"rendered":"Don Dorondon"},"content":{"rendered":"<p><a href=\"http:\/\/feguars.es\/wp-content\/uploads\/2016\/02\/DON-DORONDON-DON-DON-146x114-cm.jpg\" data-gallery><img loading=\"lazy\" decoding=\"async\" class=\"aligncenter wp-image-395 size-medium\" src=\"http:\/\/feguars.es\/wp-content\/uploads\/2016\/02\/DON-DORONDON-DON-DON-146x114-cm-236x300.jpg\" alt=\"DON DORONDON DON DON 146x114 cm\" width=\"236\" height=\"300\" srcset=\"http:\/\/feguars.es\/wp-content\/uploads\/2016\/02\/DON-DORONDON-DON-DON-146x114-cm-236x300.jpg 236w, http:\/\/feguars.es\/wp-content\/uploads\/2016\/02\/DON-DORONDON-DON-DON-146x114-cm.jpg 709w\" sizes=\"auto, (max-width: 236px) 100vw, 236px\" \/><\/a><\/p>\n<p>T\u00edtulo: DON ll: DORONDON :ll DON DON\u201d<br \/>\n2007 Medidas:146&#215;114 Cm.<br \/>\nT\u00e9cnica: \u00d3leo sobre lienzo<\/p>\n<p>Secuencia r\u00edtmica en homenaje a los tambores de la Semana Santa del Bajo Arag\u00f3n.<\/p>\n","protected":false},"excerpt":{"rendered":"<p>T\u00edtulo: DON ll: DORONDON :ll DON DON\u201d 2007 Medidas:146&#215;114 Cm. T\u00e9cnica: \u00d3leo sobre lienzo Secuencia r\u00edtmica en homenaje a los tambores de la Semana Santa del Bajo Arag\u00f3n.<\/p>\n <a class=\"more-link\" href=\"http:\/\/feguars.es\/?page_id=394\"><span class=\"more-msg\">Sigue leyendo &rarr;<\/span><\/a>","protected":false},"author":1,"featured_media":395,"parent":174,"menu_order":0,"comment_status":"closed","ping_status":"closed","template":"","meta":{"footnotes":""},"class_list":["post-394","page","type-page","status-publish","has-post-thumbnail","hentry"],"_links":{"self":[{"href":"http:\/\/feguars.es\/index.php?rest_route=\/wp\/v2\/pages\/394","targetHints":{"allow":["GET"]}}],"collection":[{"href":"http:\/\/feguars.es\/index.php?rest_route=\/wp\/v2\/pages"}],"about":[{"href":"http:\/\/feguars.es\/index.php?rest_route=\/wp\/v2\/types\/page"}],"author":[{"embeddable":true,"href":"http:\/\/feguars.es\/index.php?rest_route=\/wp\/v2\/users\/1"}],"replies":[{"embeddable":true,"href":"http:\/\/feguars.es\/index.php?rest_route=%2Fwp%2Fv2%2Fcomments&post=394"}],"version-history":[{"count":3,"href":"http:\/\/feguars.es\/index.php?rest_route=\/wp\/v2\/pages\/394\/revisions"}],"predecessor-version":[{"id":1042,"href":"http:\/\/feguars.es\/index.php?rest_route=\/wp\/v2\/pages\/394\/revisions\/1042"}],"up":[{"embeddable":true,"href":"http:\/\/feguars.es\/index.php?rest_route=\/wp\/v2\/pages\/174"}],"wp:featuredmedia":[{"embeddable":true,"href":"http:\/\/feguars.es\/index.php?rest_route=\/wp\/v2\/media\/395"}],"wp:attachment":[{"href":"http:\/\/feguars.es\/index.php?rest_route=%2Fwp%2Fv2%2Fmedia&parent=394"}],"curies":[{"name":"wp","href":"https:\/\/api.w.org\/{rel}","templated":true}]}}