{"id":4060,"date":"2022-09-26T15:03:56","date_gmt":"2022-09-26T15:03:56","guid":{"rendered":"http:\/\/feguars.es\/?page_id=4060"},"modified":"2022-09-26T15:05:56","modified_gmt":"2022-09-26T15:05:56","slug":"aleluya-no-1","status":"publish","type":"page","link":"http:\/\/feguars.es\/?page_id=4060","title":{"rendered":"Aleluya N\u00ba 1"},"content":{"rendered":"<p>&nbsp;<\/p>\n<p><a href=\"http:\/\/feguars.es\/wp-content\/uploads\/2022\/09\/Aleluya-no-I-97-x-130-Cm.jpg\" data-gallery><img loading=\"lazy\" decoding=\"async\" class=\"aligncenter wp-image-4052 size-large\" src=\"http:\/\/feguars.es\/wp-content\/uploads\/2022\/09\/Aleluya-no-I-97-x-130-Cm-1024x760.jpg\" alt=\"\" width=\"1024\" height=\"760\" srcset=\"http:\/\/feguars.es\/wp-content\/uploads\/2022\/09\/Aleluya-no-I-97-x-130-Cm-1024x760.jpg 1024w, http:\/\/feguars.es\/wp-content\/uploads\/2022\/09\/Aleluya-no-I-97-x-130-Cm-300x223.jpg 300w, http:\/\/feguars.es\/wp-content\/uploads\/2022\/09\/Aleluya-no-I-97-x-130-Cm-768x570.jpg 768w, http:\/\/feguars.es\/wp-content\/uploads\/2022\/09\/Aleluya-no-I-97-x-130-Cm-1536x1141.jpg 1536w, http:\/\/feguars.es\/wp-content\/uploads\/2022\/09\/Aleluya-no-I-97-x-130-Cm.jpg 1900w\" sizes=\"auto, (max-width: 1024px) 100vw, 1024px\" \/><\/a><\/p>\n<table id=\"table53\" border=\"0\" width=\"100%\" cellpadding=\"0\">\n<tbody>\n<tr>\n<td width=\"30\"><\/td>\n<td width=\"24%\"><b>T\u00edtulo<\/b><\/td>\n<td>Aleluya n\u00ba 1<\/td>\n<\/tr>\n<tr>\n<td width=\"30\"><\/td>\n<td width=\"24%\"><b>Medidas<\/b><\/td>\n<td>97 x 130 cm<\/td>\n<\/tr>\n<tr>\n<td width=\"30\"><\/td>\n<td width=\"24%\"><b>T\u00e9cnica<\/b><\/td>\n<td>\u00d3leo sobre lienzo<\/td>\n<\/tr>\n<tr>\n<td width=\"30\"><\/td>\n<td colspan=\"2\"><b><span class=\"f7rl1if4 adechonz f6oz4yja dahkl6ri axrg9lpx rufpak1n qtovjlwq qbmienfq rfyhaz4c rdmi1yqr ohrdq8us nswx41af fawcizw8 l1aqi3e3 sdu1flz4\">Basado en la canci\u00f3n hom\u00f3nima de Luis Eduardo Aute<\/span><br \/>\n<\/b><\/td>\n<\/tr>\n<\/tbody>\n<\/table>\n<p>&nbsp;<\/p>\n<div class=\"ujudUb\">\n<div class=\"bbVIQb\">\n<div class=\"ujudUb u7wWjf\" data-mh=\"-1\">Una l\u00e1grima en la mano,<br aria-hidden=\"true\" \/>un suspiro muy cercano,<br aria-hidden=\"true\" \/>una historia que termina,<br aria-hidden=\"true\" \/>una piel que no respira,<br aria-hidden=\"true\" \/>una nube desgarrada,<br aria-hidden=\"true\" \/>una sangre derramada,<br aria-hidden=\"true\" \/>aleluya.<\/div>\n<div class=\"ujudUb xpdxpnd\" data-mh=\"-1\">Gritos mudos que suplican,<br aria-hidden=\"true\" \/>una tierra que palpita,<br aria-hidden=\"true\" \/>la sonrisa de un recuerdo,<br aria-hidden=\"true\" \/>la mentira de un te quiero,<br aria-hidden=\"true\" \/>unos cuerpos que se anudan,<br aria-hidden=\"true\" \/>una ni\u00f1a que pregunta,<br aria-hidden=\"true\" \/>aleluya.<\/div>\n<div class=\"ujudUb xpdxpnd\" data-mh=\"-1\">Mil silencios de un olvido,<br aria-hidden=\"true\" \/>un amor que se ha perdido,<br aria-hidden=\"true\" \/>tres guirnaldas en el pelo,<br aria-hidden=\"true\" \/>el aliento de unos besos,<br aria-hidden=\"true\" \/>el perd\u00f3n de los pecados,<br aria-hidden=\"true\" \/>unos pies que est\u00e1n clavados,<br aria-hidden=\"true\" \/>aleluya.<\/div>\n<div class=\"ujudUb xpdxpnd\" data-mh=\"-1\">La raz\u00f3n de la locura,<br aria-hidden=\"true\" \/>una luz de luna oscura,<br aria-hidden=\"true\" \/>unos ojos en la noche,<br aria-hidden=\"true\" \/>una voz que no se oye,<br aria-hidden=\"true\" \/>una llama que se apaga,<br aria-hidden=\"true\" \/>una vida que se acaba,<br aria-hidden=\"true\" \/>aleluya.<\/div>\n<div class=\"ujudUb xpdxpnd\" data-mh=\"-1\">Sombras sobre luces en la clara oscuridad<br aria-hidden=\"true\" \/>de este mundo absurdo que no sabe ad\u00f3nde va,<br aria-hidden=\"true\" \/>aleluya, aleluya, aleluya.<\/div>\n<div class=\"ujudUb xpdxpnd\" data-mh=\"-1\">Una madre que amamanta,<br aria-hidden=\"true\" \/>tengo seca la garganta,<br aria-hidden=\"true\" \/>el color de un tiempo abierto,<br aria-hidden=\"true\" \/>un ma\u00f1ana siempre incierto,<br aria-hidden=\"true\" \/>el sudor en una frente,<br aria-hidden=\"true\" \/>el dolor de aquella gente,<br aria-hidden=\"true\" \/>aleluya.<\/div>\n<div class=\"ujudUb xpdxpnd\" data-mh=\"-1\">Una llaga que se cierra,<br aria-hidden=\"true\" \/>una herida que se entierra,<br aria-hidden=\"true\" \/>unos labios temblorosos,<br aria-hidden=\"true\" \/>unos brazos calurosos,<br aria-hidden=\"true\" \/>dos palabras en la arena,<br aria-hidden=\"true\" \/>una ola se las lleva,<br aria-hidden=\"true\" \/>aleluya.<\/div>\n<div class=\"ujudUb xpdxpnd\" data-mh=\"-1\">Un reloj con treinta horas,<br aria-hidden=\"true\" \/>el cartel de NO FUNCIONA,<br aria-hidden=\"true\" \/>una piedra en el vac\u00edo,<br aria-hidden=\"true\" \/>otra piedra en el sentido,<br aria-hidden=\"true\" \/>una lluvia en el alma,<br aria-hidden=\"true\" \/>un incendio en las entra\u00f1as,<br aria-hidden=\"true\" \/>aleluya.<\/div>\n<div class=\"ujudUb xpdxpnd\" data-mh=\"-1\">Unos pasos sin destino<br aria-hidden=\"true\" \/>por cuarenta mil caminos,<br aria-hidden=\"true\" \/>un acorde disonante,<br aria-hidden=\"true\" \/>nueve infiernos sin el Dante,<br aria-hidden=\"true\" \/>unas flores en mi tumba,<br aria-hidden=\"true\" \/>siempre nunca, nunca, nunca,<br aria-hidden=\"true\" \/>aleluya.<\/div>\n<div class=\"ujudUb WRZytc xpdxpnd\" data-mh=\"-1\">Sombras sobre luces en la clara oscuridad&#8230;<\/div>\n<\/div>\n<\/div>\n","protected":false},"excerpt":{"rendered":"<p>&nbsp; T\u00edtulo Aleluya n\u00ba 1 Medidas 97 x 130 cm T\u00e9cnica \u00d3leo sobre lienzo Basado en la canci\u00f3n hom\u00f3nima de Luis Eduardo Aute &nbsp; Una l\u00e1grima en la mano,un suspiro muy cercano,una historia que termina,una piel que no respira,una nube <span class=\"excerpt-dots\">&hellip;<\/span> <a class=\"more-link\" href=\"http:\/\/feguars.es\/?page_id=4060\"><span class=\"more-msg\">Sigue leyendo &rarr;<\/span><\/a><\/p>\n","protected":false},"author":1,"featured_media":4052,"parent":174,"menu_order":0,"comment_status":"closed","ping_status":"closed","template":"","meta":{"footnotes":""},"class_list":["post-4060","page","type-page","status-publish","has-post-thumbnail","hentry"],"_links":{"self":[{"href":"http:\/\/feguars.es\/index.php?rest_route=\/wp\/v2\/pages\/4060","targetHints":{"allow":["GET"]}}],"collection":[{"href":"http:\/\/feguars.es\/index.php?rest_route=\/wp\/v2\/pages"}],"about":[{"href":"http:\/\/feguars.es\/index.php?rest_route=\/wp\/v2\/types\/page"}],"author":[{"embeddable":true,"href":"http:\/\/feguars.es\/index.php?rest_route=\/wp\/v2\/users\/1"}],"replies":[{"embeddable":true,"href":"http:\/\/feguars.es\/index.php?rest_route=%2Fwp%2Fv2%2Fcomments&post=4060"}],"version-history":[{"count":2,"href":"http:\/\/feguars.es\/index.php?rest_route=\/wp\/v2\/pages\/4060\/revisions"}],"predecessor-version":[{"id":4062,"href":"http:\/\/feguars.es\/index.php?rest_route=\/wp\/v2\/pages\/4060\/revisions\/4062"}],"up":[{"embeddable":true,"href":"http:\/\/feguars.es\/index.php?rest_route=\/wp\/v2\/pages\/174"}],"wp:featuredmedia":[{"embeddable":true,"href":"http:\/\/feguars.es\/index.php?rest_route=\/wp\/v2\/media\/4052"}],"wp:attachment":[{"href":"http:\/\/feguars.es\/index.php?rest_route=%2Fwp%2Fv2%2Fmedia&parent=4060"}],"curies":[{"name":"wp","href":"https:\/\/api.w.org\/{rel}","templated":true}]}}