{"id":440,"date":"2016-02-09T11:35:39","date_gmt":"2016-02-09T11:35:39","guid":{"rendered":"http:\/\/feguars.es\/?page_id=440"},"modified":"2018-06-29T16:09:55","modified_gmt":"2018-06-29T16:09:55","slug":"440-2","status":"publish","type":"page","link":"http:\/\/feguars.es\/?page_id=440","title":{"rendered":"Mediterraneo II"},"content":{"rendered":"<p><a href=\"http:\/\/feguars.es\/?attachment_id=439\"><img loading=\"lazy\" decoding=\"async\" class=\"aligncenter wp-image-439 \" src=\"http:\/\/feguars.es\/wp-content\/uploads\/2016\/02\/Mediterr\u00e1neo-II-54x65-Cm.-300x248.jpg\" alt=\"Mediterr\u00e1neo II 54x65 Cm.\" width=\"412\" height=\"344\" \/><\/a><\/p>\n<p><strong>TITULO: \u201cMediterr\u00e1neo II\u201d <\/strong><br \/>\n<strong>Medidas: 65&#215;54 Cm. <\/strong><br \/>\n<strong>T\u00e9cnica: \u00d3leo sobre lienzo.<\/strong><\/p>\n<p style=\"text-align: center;\">Quiz\u00e1 porque mi ni\u00f1ez<br \/>\nsigue jugando en tu playa,<br \/>\ny escondido tras las ca\u00f1as<br \/>\nduerme mi primer amor,<br \/>\nllevo tu luz y tu olor<br \/>\npor donde quiera que vaya,<br \/>\ny amontonado en tu arena<br \/>\nguardo amor, juegos y penas.<br \/>\nYo,<br \/>\nque en la piel tengo el sabor<br \/>\namargo del llanto eterno,<br \/>\nque han vertido en ti cien pueblos<br \/>\nde Algeciras a Estambul,<br \/>\npara que pintes de azul<br \/>\nsus largas noches de invierno\u2026<\/p>\n<p>Letra y M\u00fasica: Joan Manuel Serrat<\/p>\n","protected":false},"excerpt":{"rendered":"<p>TITULO: \u201cMediterr\u00e1neo II\u201d Medidas: 65&#215;54 Cm. T\u00e9cnica: \u00d3leo sobre lienzo. Quiz\u00e1 porque mi ni\u00f1ez sigue jugando en tu playa, y escondido tras las ca\u00f1as duerme mi primer amor, llevo tu luz y tu olor por donde quiera que vaya, y <span class=\"excerpt-dots\">&hellip;<\/span> <a class=\"more-link\" href=\"http:\/\/feguars.es\/?page_id=440\"><span class=\"more-msg\">Sigue leyendo &rarr;<\/span><\/a><\/p>\n","protected":false},"author":1,"featured_media":439,"parent":174,"menu_order":0,"comment_status":"closed","ping_status":"closed","template":"","meta":{"footnotes":""},"class_list":["post-440","page","type-page","status-publish","has-post-thumbnail","hentry"],"_links":{"self":[{"href":"http:\/\/feguars.es\/index.php?rest_route=\/wp\/v2\/pages\/440","targetHints":{"allow":["GET"]}}],"collection":[{"href":"http:\/\/feguars.es\/index.php?rest_route=\/wp\/v2\/pages"}],"about":[{"href":"http:\/\/feguars.es\/index.php?rest_route=\/wp\/v2\/types\/page"}],"author":[{"embeddable":true,"href":"http:\/\/feguars.es\/index.php?rest_route=\/wp\/v2\/users\/1"}],"replies":[{"embeddable":true,"href":"http:\/\/feguars.es\/index.php?rest_route=%2Fwp%2Fv2%2Fcomments&post=440"}],"version-history":[{"count":4,"href":"http:\/\/feguars.es\/index.php?rest_route=\/wp\/v2\/pages\/440\/revisions"}],"predecessor-version":[{"id":1025,"href":"http:\/\/feguars.es\/index.php?rest_route=\/wp\/v2\/pages\/440\/revisions\/1025"}],"up":[{"embeddable":true,"href":"http:\/\/feguars.es\/index.php?rest_route=\/wp\/v2\/pages\/174"}],"wp:featuredmedia":[{"embeddable":true,"href":"http:\/\/feguars.es\/index.php?rest_route=\/wp\/v2\/media\/439"}],"wp:attachment":[{"href":"http:\/\/feguars.es\/index.php?rest_route=%2Fwp%2Fv2%2Fmedia&parent=440"}],"curies":[{"name":"wp","href":"https:\/\/api.w.org\/{rel}","templated":true}]}}