{"id":547,"date":"2016-02-19T17:46:58","date_gmt":"2016-02-19T17:46:58","guid":{"rendered":"http:\/\/feguars.es\/?page_id=547"},"modified":"2018-06-29T16:12:31","modified_gmt":"2018-06-29T16:12:31","slug":"esa-sera-mi-casa","status":"publish","type":"page","link":"http:\/\/feguars.es\/?page_id=547","title":{"rendered":"Esa Ser\u00e1 mi Casa"},"content":{"rendered":"<p><a href=\"http:\/\/feguars.es\/wp-content\/uploads\/2016\/02\/Esa-ser\u00e1-mi-casa-61x46-Cm..jpg\" data-gallery><img loading=\"lazy\" decoding=\"async\" class=\"aligncenter wp-image-549 \" src=\"http:\/\/feguars.es\/wp-content\/uploads\/2016\/02\/Esa-ser\u00e1-mi-casa-61x46-Cm.-231x300.jpg\" alt=\"Esa ser\u00e1 mi casa 61x46 Cm.\" width=\"296\" height=\"378\" \/><\/a><\/p>\n<p><strong>T\u00edtulo: \u201cESA SER\u00c1 MI CASA.\u201d<\/strong><br \/>\n<strong>Medidas: 61&#215;46 Cm.<\/strong><br \/>\n<strong>T\u00e9cnica: \u00d3leo sobre lienzo.<\/strong><\/p>\n<p style=\"text-align: center;\">Un libro quedar\u00e1 abierto<br \/>\nuna carta sin escribir<br \/>\nde un \u00e1rbol caer\u00e1 una hoja<br \/>\ny yo me alejar\u00e9 de t\u00ed<\/p>\n<p style=\"text-align: center;\">all\u00ed quedar\u00e1 mi silla<br \/>\nsin que nadie se siente en ella<br \/>\nall\u00ed quedar\u00e1 mi amor<br \/>\nentre las paredes viejas<\/p>\n<p style=\"text-align: center;\">Esa ser\u00e1 mi casa<br \/>\ncuando me vaya yo\u2026<\/p>\n<p><em>Basado en la canci\u00f3n del mismo t\u00edtulo interpretada por de Nino Bravo.<\/em><\/p>\n","protected":false},"excerpt":{"rendered":"<p>T\u00edtulo: \u201cESA SER\u00c1 MI CASA.\u201d Medidas: 61&#215;46 Cm. T\u00e9cnica: \u00d3leo sobre lienzo. Un libro quedar\u00e1 abierto una carta sin escribir de un \u00e1rbol caer\u00e1 una hoja y yo me alejar\u00e9 de t\u00ed all\u00ed quedar\u00e1 mi silla sin que nadie se <span class=\"excerpt-dots\">&hellip;<\/span> <a class=\"more-link\" href=\"http:\/\/feguars.es\/?page_id=547\"><span class=\"more-msg\">Sigue leyendo &rarr;<\/span><\/a><\/p>\n","protected":false},"author":1,"featured_media":549,"parent":174,"menu_order":0,"comment_status":"closed","ping_status":"closed","template":"","meta":{"footnotes":""},"class_list":["post-547","page","type-page","status-publish","has-post-thumbnail","hentry"],"_links":{"self":[{"href":"http:\/\/feguars.es\/index.php?rest_route=\/wp\/v2\/pages\/547","targetHints":{"allow":["GET"]}}],"collection":[{"href":"http:\/\/feguars.es\/index.php?rest_route=\/wp\/v2\/pages"}],"about":[{"href":"http:\/\/feguars.es\/index.php?rest_route=\/wp\/v2\/types\/page"}],"author":[{"embeddable":true,"href":"http:\/\/feguars.es\/index.php?rest_route=\/wp\/v2\/users\/1"}],"replies":[{"embeddable":true,"href":"http:\/\/feguars.es\/index.php?rest_route=%2Fwp%2Fv2%2Fcomments&post=547"}],"version-history":[{"count":6,"href":"http:\/\/feguars.es\/index.php?rest_route=\/wp\/v2\/pages\/547\/revisions"}],"predecessor-version":[{"id":1039,"href":"http:\/\/feguars.es\/index.php?rest_route=\/wp\/v2\/pages\/547\/revisions\/1039"}],"up":[{"embeddable":true,"href":"http:\/\/feguars.es\/index.php?rest_route=\/wp\/v2\/pages\/174"}],"wp:featuredmedia":[{"embeddable":true,"href":"http:\/\/feguars.es\/index.php?rest_route=\/wp\/v2\/media\/549"}],"wp:attachment":[{"href":"http:\/\/feguars.es\/index.php?rest_route=%2Fwp%2Fv2%2Fmedia&parent=547"}],"curies":[{"name":"wp","href":"https:\/\/api.w.org\/{rel}","templated":true}]}}