{"id":565,"date":"2016-02-19T18:05:42","date_gmt":"2016-02-19T18:05:42","guid":{"rendered":"http:\/\/feguars.es\/?page_id=565"},"modified":"2018-06-29T16:13:06","modified_gmt":"2018-06-29T16:13:06","slug":"concierto-de-aranjuez","status":"publish","type":"page","link":"http:\/\/feguars.es\/?page_id=565","title":{"rendered":"Concierto de Aranjuez"},"content":{"rendered":"<p><a href=\"http:\/\/feguars.es\/wp-content\/uploads\/2016\/02\/Concierto-de-Aranjuez-54x65-Cm..jpg\" data-gallery><img loading=\"lazy\" decoding=\"async\" class=\"aligncenter wp-image-566 \" src=\"http:\/\/feguars.es\/wp-content\/uploads\/2016\/02\/Concierto-de-Aranjuez-54x65-Cm.-300x250.jpg\" alt=\"Concierto de Aranjuez 54x65 Cm.\" width=\"360\" height=\"303\" \/><\/a><\/p>\n<p><strong>T\u00edtulo: \u201dCONCIERTO DE ARANJUEZ\u201d<\/strong><br \/>\n<strong>Medidas: 54&#215;65 Cms.<\/strong><br \/>\n<strong>T\u00e9cnica: \u00d3leo sobre lienzo.<\/strong><\/p>\n<p>Basado en el Adagio del Concierto de Aranjuez de Joaqu\u00edn Rodrigo<\/p>\n","protected":false},"excerpt":{"rendered":"<p>T\u00edtulo: \u201dCONCIERTO DE ARANJUEZ\u201d Medidas: 54&#215;65 Cms. T\u00e9cnica: \u00d3leo sobre lienzo. Basado en el Adagio del Concierto de Aranjuez de Joaqu\u00edn Rodrigo<\/p>\n <a class=\"more-link\" href=\"http:\/\/feguars.es\/?page_id=565\"><span class=\"more-msg\">Sigue leyendo &rarr;<\/span><\/a>","protected":false},"author":1,"featured_media":566,"parent":174,"menu_order":0,"comment_status":"closed","ping_status":"closed","template":"","meta":{"footnotes":""},"class_list":["post-565","page","type-page","status-publish","has-post-thumbnail","hentry"],"_links":{"self":[{"href":"http:\/\/feguars.es\/index.php?rest_route=\/wp\/v2\/pages\/565","targetHints":{"allow":["GET"]}}],"collection":[{"href":"http:\/\/feguars.es\/index.php?rest_route=\/wp\/v2\/pages"}],"about":[{"href":"http:\/\/feguars.es\/index.php?rest_route=\/wp\/v2\/types\/page"}],"author":[{"embeddable":true,"href":"http:\/\/feguars.es\/index.php?rest_route=\/wp\/v2\/users\/1"}],"replies":[{"embeddable":true,"href":"http:\/\/feguars.es\/index.php?rest_route=%2Fwp%2Fv2%2Fcomments&post=565"}],"version-history":[{"count":3,"href":"http:\/\/feguars.es\/index.php?rest_route=\/wp\/v2\/pages\/565\/revisions"}],"predecessor-version":[{"id":1045,"href":"http:\/\/feguars.es\/index.php?rest_route=\/wp\/v2\/pages\/565\/revisions\/1045"}],"up":[{"embeddable":true,"href":"http:\/\/feguars.es\/index.php?rest_route=\/wp\/v2\/pages\/174"}],"wp:featuredmedia":[{"embeddable":true,"href":"http:\/\/feguars.es\/index.php?rest_route=\/wp\/v2\/media\/566"}],"wp:attachment":[{"href":"http:\/\/feguars.es\/index.php?rest_route=%2Fwp%2Fv2%2Fmedia&parent=565"}],"curies":[{"name":"wp","href":"https:\/\/api.w.org\/{rel}","templated":true}]}}