{"id":117,"date":"2015-04-27T16:17:00","date_gmt":"2015-04-27T16:17:00","guid":{"rendered":"http:\/\/feguars.es\/?page_id=117"},"modified":"2015-04-27T16:24:03","modified_gmt":"2015-04-27T16:24:03","slug":"informacion-en-punto","status":"publish","type":"page","link":"https:\/\/feguars.es\/?page_id=117","title":{"rendered":"Informaci\u00f3n en Punto (Valderrobres)"},"content":{"rendered":"<h3>\u00a0Valderrobres (Teruel).\u00a0En el Castillo, hasta el 31 de agosto<\/h3>\n<h3>Feguars pone colores a la historia<\/h3>\n<p style=\"text-align: justify;\"><strong>19-07-2009<\/strong>. El Castillo de Valderrobres fue un basti\u00f3n en el empe\u00f1o de la Reconquista, cuando el condado-reino que germina a la vera del r\u00edo Arag\u00f3n, atendido por el Reino de Pamplona, crece y se hace Corona mayor para avanzar en la Historia. A esa Historia medieval, que se proyecta hasta ahora mismo, el pintor\u00a0<strong>Feguars<\/strong>\u00a0(Joaqu\u00edn Ferrer Guallar, Caspe, 1953) ha llevado mas de cincuenta pinturas, poniendo, con ellas, colores, en recintos hechos con roca transcendentes. Cuadros en los que el artista se\u00f1ala formas, signos, compromisos que son como el santo y se\u00f1a de una realidad manifestada entre la experiencia de sus circunstancias personales y la fantas\u00eda que anida en el subconsciente y se goza buscando el horizonte de su arco iris.<\/p>\n<p style=\"text-align: justify;\">En el Sal\u00f3n de las Chimeneas o de las Cortes, testigo de m\u00faltiples registros en el Medioevo y en la Edad Moderna, a las estancias privadas del Arzobispo, los cuadros de Feguars entonan junto a los rumores que cada piedra transmite, el acorde de una canci\u00f3n de esperanza; desde que Valderrobres se constituyese en fortaleza para la Reconquista, y en baluarte de una Corona que traspasaba los l\u00edmites de Arag\u00f3n para ser una realidad pol\u00edtica supranacional; tiempos en los que la alta nobleza y la Iglesia fueron de la mano para restaurar un orden hispano, roto por invasores extra\u00f1os. De ah\u00ed la sucesi\u00f3n de aconteceres; el cuadro \u00abel Compromiso\u00bb (de Caspe, cuna del pintor) en el que figura esa escalera que procura la sucesi\u00f3n de pasos para mantener el hilo din\u00e1stico y trazar pelda\u00f1os en el tiempo. Y Feguars lo hace con figuraciones surreales en las que el orden geom\u00e9trico, y el libre albedr\u00edo de su imaginaci\u00f3n, con los colores que descubren p\u00e1lpitos de la naturaleza, describen estados de \u00e1nimo y muestran una sicodelia plena de sentido \u00e9tico y est\u00e9tico.<\/p>\n<p style=\"text-align: justify;\">Joaqu\u00edn Ferrer Guallar (Feguars), se inici\u00f3 en la Escuela Municipal de Arte de su ciudad, y se ha curtido experimentando en los procedimientos con los que realiza un discurso en el que plasma sus propios aconteceres. Una pintura existencialista, con colores de una determinaci\u00f3n y se\u00f1ales de m\u00faltiples referencias; pintura que desde hace a\u00f1os viene exponiendo en muestras individuales celebradas en espacios de Espa\u00f1a y Francia; ahora en el Castillo de Valderrobres, hasta el 31 de agosto.<\/p>\n<p><a href=\"http:\/\/http:\/\/infoenpunto.com\/index.html\"><img loading=\"lazy\" decoding=\"async\" class=\"aligncenter size-full wp-image-118\" src=\"http:\/\/feguars.es\/wp-content\/uploads\/2015\/04\/img_1.png\" alt=\"img_1\" width=\"305\" height=\"93\" srcset=\"https:\/\/feguars.es\/wp-content\/uploads\/2015\/04\/img_1.png 305w, https:\/\/feguars.es\/wp-content\/uploads\/2015\/04\/img_1-300x91.png 300w\" sizes=\"auto, (max-width: 305px) 100vw, 305px\" \/><\/a><\/p>\n<p>&nbsp;<\/p>\n<p>&nbsp;<\/p>\n","protected":false},"excerpt":{"rendered":"<p>\u00a0Valderrobres (Teruel).\u00a0En el Castillo, hasta el 31 de agosto Feguars pone colores a la historia 19-07-2009. El Castillo de Valderrobres fue un basti\u00f3n en el empe\u00f1o de la Reconquista, cuando el condado-reino que germina a la vera del r\u00edo Arag\u00f3n, <span class=\"excerpt-dots\">&hellip;<\/span> <a class=\"more-link\" href=\"https:\/\/feguars.es\/?page_id=117\"><span class=\"more-msg\">Sigue leyendo &rarr;<\/span><\/a><\/p>\n","protected":false},"author":1,"featured_media":118,"parent":100,"menu_order":0,"comment_status":"open","ping_status":"open","template":"","meta":{"footnotes":""},"class_list":["post-117","page","type-page","status-publish","has-post-thumbnail","hentry"],"_links":{"self":[{"href":"https:\/\/feguars.es\/index.php?rest_route=\/wp\/v2\/pages\/117","targetHints":{"allow":["GET"]}}],"collection":[{"href":"https:\/\/feguars.es\/index.php?rest_route=\/wp\/v2\/pages"}],"about":[{"href":"https:\/\/feguars.es\/index.php?rest_route=\/wp\/v2\/types\/page"}],"author":[{"embeddable":true,"href":"https:\/\/feguars.es\/index.php?rest_route=\/wp\/v2\/users\/1"}],"replies":[{"embeddable":true,"href":"https:\/\/feguars.es\/index.php?rest_route=%2Fwp%2Fv2%2Fcomments&post=117"}],"version-history":[{"count":4,"href":"https:\/\/feguars.es\/index.php?rest_route=\/wp\/v2\/pages\/117\/revisions"}],"predecessor-version":[{"id":126,"href":"https:\/\/feguars.es\/index.php?rest_route=\/wp\/v2\/pages\/117\/revisions\/126"}],"up":[{"embeddable":true,"href":"https:\/\/feguars.es\/index.php?rest_route=\/wp\/v2\/pages\/100"}],"wp:featuredmedia":[{"embeddable":true,"href":"https:\/\/feguars.es\/index.php?rest_route=\/wp\/v2\/media\/118"}],"wp:attachment":[{"href":"https:\/\/feguars.es\/index.php?rest_route=%2Fwp%2Fv2%2Fmedia&parent=117"}],"curies":[{"name":"wp","href":"https:\/\/api.w.org\/{rel}","templated":true}]}}