{"id":122,"date":"2015-04-27T16:23:15","date_gmt":"2015-04-27T16:23:15","guid":{"rendered":"http:\/\/feguars.es\/?page_id=122"},"modified":"2019-08-29T14:28:33","modified_gmt":"2019-08-29T14:28:33","slug":"informacion-en-punto-cai","status":"publish","type":"page","link":"https:\/\/feguars.es\/?page_id=122","title":{"rendered":"Informaci\u00f3n en Punto (CAI)"},"content":{"rendered":"<h3>Infoenpunto ( Edici\u00f3n digital)\u00a0 MADRID\u00a0 13-01-2010<br \/>\n<strong>El simbolismo de Feguars en la Sala Barbas\u00e1n, de la CAI<\/strong><\/h3>\n<p style=\"text-align: justify;\">En un hipot\u00e9tico pentagrama de Feguars, la idealizada aparece como una sinfon\u00eda donde los signos y las formas del dimensi\u00f3n acontecer humano, configuran una canci\u00f3n de vida. Porque en su universo, tan a pie de suelo, de las gentes, convergen los tiempos, y los espacios, que las facultades mentales pueden considerar de formas tan objetivas como sujetivas. Por eso en esta pintura, presentada en la Sala Barbas\u00e1n de la CAI, se aprecia una vena simb\u00f3lica que trata de poner en cuesti\u00f3n aquello que se imagina, se siente y se goza; sin que falten los colores a una emergencia luminosa en la que el azul sideral acusa protagonismo en un arco m\u00edstico que parece guardar la clave de una ecuaci\u00f3n no resuelta.<\/p>\n<p style=\"text-align: justify;\">Joaqu\u00edn Ferrer Guallar, que firma su obra con el seud\u00f3nimo de Feguars, es un aragon\u00e9s, de Caspe, empe\u00f1ado en pintar ideas y sue\u00f1os, a los que pone la m\u00fasica de sus tonalidades crom\u00e1ticas; colores limpios, de alborada tranquila, en un espacio que mide con el rigor de un arquitecto y puebla de murmullos, interrogantes, signos y figuras geom\u00e9tricas, junto a arquitecturas y mareas surrealistas, cuando plasma trabajos como el \u00abMar de Arag\u00f3n\u00bb o el \u00abHospital de Santo Domingo\u00bb, junto a cuadros como \u00abArag\u00f3n\u00bb, realizados con \u00f3leo sobre lienzo. Obras todas ellas, donde, como escribe Jos\u00e9 Morata Moya, \u00abse percibe una rotundidad plena en las formas, dentro de un estilo y un lenguaje pl\u00e1stico, personal y basado en sus profundos conocimientos sobre los factores expresivos de la Abstracci\u00f3n Geom\u00e9trica, aplicada a unas formas que r\u00edtmicamente se relacionan entre s\u00ed por medios de planos estructurados en perfecto equilibrio, y donde las claves de cada tema son perfectamente identificables\u201d<\/p>\n<p><a href=\"http:\/\/http:\/\/infoenpunto.com\/index.html\"><img loading=\"lazy\" decoding=\"async\" class=\"aligncenter size-full wp-image-118\" src=\"http:\/\/feguars.es\/wp-content\/uploads\/2015\/04\/img_1.png\" alt=\"img_1\" width=\"305\" height=\"93\" srcset=\"https:\/\/feguars.es\/wp-content\/uploads\/2015\/04\/img_1.png 305w, https:\/\/feguars.es\/wp-content\/uploads\/2015\/04\/img_1-300x91.png 300w\" sizes=\"auto, (max-width: 305px) 100vw, 305px\" \/><\/a><\/p>\n","protected":false},"excerpt":{"rendered":"<p>Infoenpunto ( Edici\u00f3n digital)\u00a0 MADRID\u00a0 13-01-2010 El simbolismo de Feguars en la Sala Barbas\u00e1n, de la CAI En un hipot\u00e9tico pentagrama de Feguars, la idealizada aparece como una sinfon\u00eda donde los signos y las formas del dimensi\u00f3n acontecer humano, configuran <span class=\"excerpt-dots\">&hellip;<\/span> <a class=\"more-link\" href=\"https:\/\/feguars.es\/?page_id=122\"><span class=\"more-msg\">Sigue leyendo &rarr;<\/span><\/a><\/p>\n","protected":false},"author":1,"featured_media":118,"parent":100,"menu_order":0,"comment_status":"closed","ping_status":"open","template":"","meta":{"footnotes":""},"class_list":["post-122","page","type-page","status-publish","has-post-thumbnail","hentry"],"_links":{"self":[{"href":"https:\/\/feguars.es\/index.php?rest_route=\/wp\/v2\/pages\/122","targetHints":{"allow":["GET"]}}],"collection":[{"href":"https:\/\/feguars.es\/index.php?rest_route=\/wp\/v2\/pages"}],"about":[{"href":"https:\/\/feguars.es\/index.php?rest_route=\/wp\/v2\/types\/page"}],"author":[{"embeddable":true,"href":"https:\/\/feguars.es\/index.php?rest_route=\/wp\/v2\/users\/1"}],"replies":[{"embeddable":true,"href":"https:\/\/feguars.es\/index.php?rest_route=%2Fwp%2Fv2%2Fcomments&post=122"}],"version-history":[{"count":2,"href":"https:\/\/feguars.es\/index.php?rest_route=\/wp\/v2\/pages\/122\/revisions"}],"predecessor-version":[{"id":124,"href":"https:\/\/feguars.es\/index.php?rest_route=\/wp\/v2\/pages\/122\/revisions\/124"}],"up":[{"embeddable":true,"href":"https:\/\/feguars.es\/index.php?rest_route=\/wp\/v2\/pages\/100"}],"wp:featuredmedia":[{"embeddable":true,"href":"https:\/\/feguars.es\/index.php?rest_route=\/wp\/v2\/media\/118"}],"wp:attachment":[{"href":"https:\/\/feguars.es\/index.php?rest_route=%2Fwp%2Fv2%2Fmedia&parent=122"}],"curies":[{"name":"wp","href":"https:\/\/api.w.org\/{rel}","templated":true}]}}