{"id":131,"date":"2015-04-27T17:46:44","date_gmt":"2015-04-27T17:46:44","guid":{"rendered":"http:\/\/feguars.es\/?page_id=131"},"modified":"2015-04-27T17:48:02","modified_gmt":"2015-04-27T17:48:02","slug":"sharon-art","status":"publish","type":"page","link":"https:\/\/feguars.es\/?page_id=131","title":{"rendered":"Sharon Art"},"content":{"rendered":"<p style=\"text-align: justify;\"><strong>Y los sonidos se hicieron colores<br \/>\nEl artista aragon\u00e9s Joaqu\u00edn Ferrer Guallar expone en la galer\u00eda Sharon Art<\/strong><\/p>\n<p style=\"text-align: justify;\">02\/05\/2009 Marcelino Cuevas<\/p>\n<p style=\"text-align: justify;\">Para penetrar en el sugestivo mundo pict\u00f3rico del artista aragon\u00e9s Joaqu\u00edn Ferrer Guallar, hay que dejarse seducir antes por la m\u00fasica.<\/p>\n<p style=\"text-align: justify;\">Cualquier tipo de m\u00fasica le vale al pintor para inventarse unas maravillosas geograf\u00edas visuales en las que las notas se convierten en colores, en las que el ritmo se transforma en l\u00edneas que crean complicadas arquitecturas.<\/p>\n<p style=\"text-align: justify;\">Sus m\u00fasicos preferidos son los cantautores espa\u00f1oles de los a\u00f1os setenta del pasado siglo, el jazz, los grandes compositores del romanticismo y, especialmente, Luis Eduardo Aute, al que est\u00e1 dedicada la serie m\u00e1s importante de la exposici\u00f3n que estos d\u00edas puede verse en la galer\u00eda Sharon Art.<\/p>\n<p style=\"text-align: justify;\">Los cr\u00edticos han encontrado en sus obras referencias a Klee, a Mir\u00f3 o a Vasarely. La geometr\u00eda y la abstracci\u00f3n se complementan y ayudan a crear un escenario en el que danzan peque\u00f1as figuras que remiten al espectador al mundo de los sue\u00f1os.<\/p>\n<p style=\"text-align: justify;\">Pero, sobre todo, en la pintura de Ferrer Guallar (Caspe, 1953) destaca su interpretaci\u00f3n l\u00fadica de la m\u00fasica. Todo en sus cuadros parece encaminado a brindarnos con cada obra un aut\u00e9ntico himno a la alegr\u00eda.<\/p>\n<p style=\"text-align: justify;\">De su trabajo comenta Luis Eduardo Aute, pintor adem\u00e1s de cantante, \u00abSus fr\u00e1giles geometr\u00edas, sus delicados colores, sus tramposas abstracciones, van construyendo espacios m\u00e1gicos llenos de ritmos y armon\u00edas musicales. La disposici\u00f3n de sus iconos provoca ilusiones \u00f3pticas que se escuchan. Son representaciones escenogr\u00e1ficas donde el artista, con la pericia del prestidigitador, compone vibraciones sonoras en din\u00e1micos pero sutiles conflictos formales\u00bb.<\/p>\n<p style=\"text-align: justify;\">\u00abIngr\u00e1vidas y gentiles como pompas de jab\u00f3n\u00bb, que dijera el cantautor catal\u00e1n Serrat, tambi\u00e9n representado en la muestra, las figuras de Ferrer Guallar, nos trasladan a un universo henchido de optimismo, a un lugar maravilloso donde se expresan en colores y silencio todas las armon\u00edas de la m\u00fasica.<\/p>\n<p style=\"text-align: justify;\">Comenta el artista a prop\u00f3sito de sus preferencias musicales, \u00abEscucho un poco de todo. Mis inquietudes musicales me han llevado a tocar en una banda de m\u00fasica, y en una orquesta y he sido, tambi\u00e9n, componente de un coral. Una de mis referencias es Aute, al que conoc\u00ed en Calanda, en unas jornadas musicales. Poco despu\u00e9s coincidimos en un pueblo de Huesca, en el que \u00e9l actuaba y donde en el mismo escenario pint\u00f3 un cuadro. De ah\u00ed naci\u00f3 una amistad que hemos mantenido a lo largo del tiempo. La verdad es que es muy interesante todo lo que hace y, adem\u00e1s, el conocimiento personal ha hecho que yo me interesar\u00e1 m\u00e1s por sus canciones\u00bb.<\/p>\n<p style=\"text-align: justify;\">Explica el pintor que el camino hasta llegar a estos cuadros ha sido largo, que ha tenido influencias de muchos grandes de la pintura moderna, pero que \u00abal final me he olvidado de todo y he buscado la manera de expresar todas las emociones que me proporciona la m\u00fasica a trav\u00e9s de una pintura personal. Mi obra se acerca a los enunciados de los pintores pertenecientes a la Bauhaus, pero sobre todo es el fiel reflejo de mis sentimientos\u00bb.<\/p>\n<p style=\"text-align: justify;\"><strong>Lugar:<\/strong>\u00a0Sharon Art. Calle Cervantes, 10.<br \/>\n<strong>Horario:<\/strong>\u00a0de lunes a viernes, de 18.30 a 21.30.<\/p>\n<p style=\"text-align: justify;\"><a href=\"http:\/\/www.sharonart.es\/\" target=\"_blank\"><img loading=\"lazy\" decoding=\"async\" class=\"aligncenter wp-image-132 size-full\" src=\"http:\/\/feguars.es\/wp-content\/uploads\/2015\/04\/SharonArt.gif\" alt=\"SharonArt\" width=\"437\" height=\"66\" \/><\/a><\/p>\n<p style=\"text-align: justify;\"><a href=\"http:\/\/feguars.es\/wp-content\/uploads\/2015\/04\/tex-sharonart.jpg\" data-gallery><img loading=\"lazy\" decoding=\"async\" class=\"aligncenter size-full wp-image-135\" src=\"http:\/\/feguars.es\/wp-content\/uploads\/2015\/04\/tex-sharonart.jpg\" alt=\"tex-sharonart\" width=\"666\" height=\"880\" srcset=\"https:\/\/feguars.es\/wp-content\/uploads\/2015\/04\/tex-sharonart.jpg 666w, https:\/\/feguars.es\/wp-content\/uploads\/2015\/04\/tex-sharonart-227x300.jpg 227w\" sizes=\"auto, (max-width: 666px) 100vw, 666px\" \/><\/a><\/p>\n","protected":false},"excerpt":{"rendered":"<p>Y los sonidos se hicieron colores El artista aragon\u00e9s Joaqu\u00edn Ferrer Guallar expone en la galer\u00eda Sharon Art 02\/05\/2009 Marcelino Cuevas Para penetrar en el sugestivo mundo pict\u00f3rico del artista aragon\u00e9s Joaqu\u00edn Ferrer Guallar, hay que dejarse seducir antes por <span class=\"excerpt-dots\">&hellip;<\/span> <a class=\"more-link\" href=\"https:\/\/feguars.es\/?page_id=131\"><span class=\"more-msg\">Sigue leyendo &rarr;<\/span><\/a><\/p>\n","protected":false},"author":1,"featured_media":132,"parent":100,"menu_order":0,"comment_status":"closed","ping_status":"open","template":"","meta":{"footnotes":""},"class_list":["post-131","page","type-page","status-publish","has-post-thumbnail","hentry"],"_links":{"self":[{"href":"https:\/\/feguars.es\/index.php?rest_route=\/wp\/v2\/pages\/131","targetHints":{"allow":["GET"]}}],"collection":[{"href":"https:\/\/feguars.es\/index.php?rest_route=\/wp\/v2\/pages"}],"about":[{"href":"https:\/\/feguars.es\/index.php?rest_route=\/wp\/v2\/types\/page"}],"author":[{"embeddable":true,"href":"https:\/\/feguars.es\/index.php?rest_route=\/wp\/v2\/users\/1"}],"replies":[{"embeddable":true,"href":"https:\/\/feguars.es\/index.php?rest_route=%2Fwp%2Fv2%2Fcomments&post=131"}],"version-history":[{"count":3,"href":"https:\/\/feguars.es\/index.php?rest_route=\/wp\/v2\/pages\/131\/revisions"}],"predecessor-version":[{"id":136,"href":"https:\/\/feguars.es\/index.php?rest_route=\/wp\/v2\/pages\/131\/revisions\/136"}],"up":[{"embeddable":true,"href":"https:\/\/feguars.es\/index.php?rest_route=\/wp\/v2\/pages\/100"}],"wp:featuredmedia":[{"embeddable":true,"href":"https:\/\/feguars.es\/index.php?rest_route=\/wp\/v2\/media\/132"}],"wp:attachment":[{"href":"https:\/\/feguars.es\/index.php?rest_route=%2Fwp%2Fv2%2Fmedia&parent=131"}],"curies":[{"name":"wp","href":"https:\/\/api.w.org\/{rel}","templated":true}]}}

<p style="text-align: justify;"><strong>Y los sonidos se hicieron colores<br />
El artista aragonés Joaquín Ferrer Guallar expone en la galería Sharon Art</strong></p>
<p style="text-align: justify;">02/05/2009 Marcelino Cuevas</p>
<p style="text-align: justify;">Para penetrar en el sugestivo mundo pictórico del artista aragonés Joaquín Ferrer Guallar, hay que dejarse seducir antes por la música.</p>
<p style="text-align: justify;">Cualquier tipo de música le vale al pintor para inventarse unas maravillosas geografías visuales en las que las notas se convierten en colores, en las que el ritmo se transforma en líneas que crean complicadas arquitecturas.</p>
<p style="text-align: justify;">Sus músicos preferidos son los cantautores españoles de los años setenta del pasado siglo, el jazz, los grandes compositores del romanticismo y, especialmente, Luis Eduardo Aute, al que está dedicada la serie más importante de la exposición que estos días puede verse en la galería Sharon Art.</p>
<p style="text-align: justify;">Los críticos han encontrado en sus obras referencias a Klee, a Miró o a Vasarely. La geometría y la abstracción se complementan y ayudan a crear un escenario en el que danzan pequeñas figuras que remiten al espectador al mundo de los sueños.</p>
<p style="text-align: justify;">Pero, sobre todo, en la pintura de Ferrer Guallar (Caspe, 1953) destaca su interpretación lúdica de la música. Todo en sus cuadros parece encaminado a brindarnos con cada obra un auténtico himno a la alegría.</p>
<p style="text-align: justify;">De su trabajo comenta Luis Eduardo Aute, pintor además de cantante, «Sus frágiles geometrías, sus delicados colores, sus tramposas abstracciones, van construyendo espacios mágicos llenos de ritmos y armonías musicales. La disposición de sus iconos provoca ilusiones ópticas que se escuchan. Son representaciones escenográficas donde el artista, con la pericia del prestidigitador, compone vibraciones sonoras en dinámicos pero sutiles conflictos formales».</p>
<p style="text-align: justify;">«Ingrávidas y gentiles como pompas de jabón», que dijera el cantautor catalán Serrat, también representado en la muestra, las figuras de Ferrer Guallar, nos trasladan a un universo henchido de optimismo, a un lugar maravilloso donde se expresan en colores y silencio todas las armonías de la música.</p>
<p style="text-align: justify;">Comenta el artista a propósito de sus preferencias musicales, «Escucho un poco de todo. Mis inquietudes musicales me han llevado a tocar en una banda de música, y en una orquesta y he sido, también, componente de un coral. Una de mis referencias es Aute, al que conocí en Calanda, en unas jornadas musicales. Poco después coincidimos en un pueblo de Huesca, en el que él actuaba y donde en el mismo escenario pintó un cuadro. De ahí nació una amistad que hemos mantenido a lo largo del tiempo. La verdad es que es muy interesante todo lo que hace y, además, el conocimiento personal ha hecho que yo me interesará más por sus canciones».</p>
<p style="text-align: justify;">Explica el pintor que el camino hasta llegar a estos cuadros ha sido largo, que ha tenido influencias de muchos grandes de la pintura moderna, pero que «al final me he olvidado de todo y he buscado la manera de expresar todas las emociones que me proporciona la música a través de una pintura personal. Mi obra se acerca a los enunciados de los pintores pertenecientes a la Bauhaus, pero sobre todo es el fiel reflejo de mis sentimientos».</p>
<p style="text-align: justify;"><strong>Lugar:</strong> Sharon Art. Calle Cervantes, 10.<br />
<strong>Horario:</strong> de lunes a viernes, de 18.30 a 21.30.</p>
<p style="text-align: justify;"><a href="http://www.sharonart.es/" target="_blank"><img loading="lazy" decoding="async" class="aligncenter wp-image-132 size-full" src="http://feguars.es/wp-content/uploads/2015/04/SharonArt.gif" alt="SharonArt" width="437" height="66" /></a></p>
<p style="text-align: justify;"><a href="http://feguars.es/wp-content/uploads/2015/04/tex-sharonart.jpg" data-gallery><img loading="lazy" decoding="async" class="aligncenter size-full wp-image-135" src="http://feguars.es/wp-content/uploads/2015/04/tex-sharonart.jpg" alt="tex-sharonart" width="666" height="880" srcset="https://feguars.es/wp-content/uploads/2015/04/tex-sharonart.jpg 666w, https://feguars.es/wp-content/uploads/2015/04/tex-sharonart-227x300.jpg 227w" sizes="auto, (max-width: 666px) 100vw, 666px" /></a></p>

<p>Y los sonidos se hicieron colores El artista aragonés Joaquín Ferrer Guallar expone en la galería Sharon Art 02/05/2009 Marcelino Cuevas Para penetrar en el sugestivo mundo pictórico del artista aragonés Joaquín Ferrer Guallar, hay que dejarse seducir antes por <span class="excerpt-dots">&hellip;</span> <a class="more-link" href="https://feguars.es/?page_id=131"><span class="more-msg">Sigue leyendo &rarr;</span></a></p>
