{"id":1468,"date":"2019-11-15T12:08:38","date_gmt":"2019-11-15T12:08:38","guid":{"rendered":"http:\/\/feguars.es\/?page_id=1468"},"modified":"2019-11-15T12:08:38","modified_gmt":"2019-11-15T12:08:38","slug":"palabras-de-amor","status":"publish","type":"page","link":"https:\/\/feguars.es\/?page_id=1468","title":{"rendered":"Palabras de Amor"},"content":{"rendered":"<p><a href=\"http:\/\/feguars.es\/?attachment_id=1461\"><img loading=\"lazy\" decoding=\"async\" class=\"aligncenter wp-image-1461 \" src=\"http:\/\/feguars.es\/wp-content\/uploads\/2019\/11\/Palabras-de-amor-300x243.jpg\" alt=\"\" width=\"340\" height=\"276\" srcset=\"https:\/\/feguars.es\/wp-content\/uploads\/2019\/11\/Palabras-de-amor-300x243.jpg 300w, https:\/\/feguars.es\/wp-content\/uploads\/2019\/11\/Palabras-de-amor-768x621.jpg 768w, https:\/\/feguars.es\/wp-content\/uploads\/2019\/11\/Palabras-de-amor-1024x828.jpg 1024w, https:\/\/feguars.es\/wp-content\/uploads\/2019\/11\/Palabras-de-amor-1148x929.jpg 1148w, https:\/\/feguars.es\/wp-content\/uploads\/2019\/11\/Palabras-de-amor-371x300.jpg 371w\" sizes=\"auto, (max-width: 340px) 100vw, 340px\" \/><\/a><\/p>\n<table width=\"94%\">\n<tbody>\n<tr>\n<td width=\"24%\"><strong>T\u00edtulo<\/strong><\/td>\n<td>Palabras de Amor<\/td>\n<\/tr>\n<tr>\n<td width=\"24%\"><strong>Medidas<\/strong><\/td>\n<td>50 x 61 cm<\/td>\n<\/tr>\n<tr>\n<td width=\"24%\"><strong>T\u00e9cnica<\/strong><\/td>\n<td>\u00d3leo sobre lienzo.<\/td>\n<\/tr>\n<tr>\n<td colspan=\"2\"><strong>M\u00fasica y letra: Joan Manuel Serrat.<\/strong><\/td>\n<\/tr>\n<\/tbody>\n<\/table>\n<div id=\"canconer\" class=\"canconer\">\n<div class=\"lletra\" style=\"text-align: center;\">\n\u00c9l me quiso tanto&#8230;<br \/>\nYo a\u00fan sigo enamorada.<br \/>\nJuntos atravesamos<br \/>\nuna puerta cerrada.<\/p>\n<p>\u00c9l, c\u00f3mo os dir\u00eda&#8230;<br \/>\nera toda mi ocupaci\u00f3n,<br \/>\ncuando en la lumbre ard\u00edan<br \/>\ns\u00f3lo palabras de amor&#8230;<\/p>\n<p><i>Palabras de amor sencillas y tiernas<br \/>\nque echamos al vuelo por primera vez,<br \/>\napenas tuvimos tiempo de aprenderlas,<br \/>\nreci\u00e9n despert\u00e1bamos de la ni\u00f1ez.<\/p>\n<p>Nos bastaban esas tres frases hechas<br \/>\nque entonaba un trasnochado gal\u00e1n,<br \/>\nde historias de amor, sue\u00f1os de poetas,<br \/>\na los quince a\u00f1os no se saben m\u00e1s&#8230;<\/i><\/p>\n<p>Ella, d\u00f3nde andar\u00e1,<br \/>\ntal vez a\u00fan me recuerda.<br \/>\nUn d\u00eda se march\u00f3<br \/>\ny jam\u00e1s volv\u00ed a verla.<\/p>\n<p>Pero, cuando oscurece,<br \/>\nlejos, se escucha una canci\u00f3n,<br \/>\nvieja m\u00fasica que acuna,<br \/>\nviejas palabras de amor\u2026<\/p><\/div>\n<\/div>\n<p style=\"text-align: center;\"><i>Palabras de amor sencillas y tiernas<br \/>\nque echamos al vuelo por primera vez,<br \/>\napenas tuvimos tiempo de aprenderlas,<br \/>\nreci\u00e9n despert\u00e1bamos de la ni\u00f1ez.<\/p>\n<p>Nos bastaban esas tres frases hechas<br \/>\nque entonaba un trasnochado gal\u00e1n,<br \/>\nde historias de amor, sue\u00f1os de poetas,<br \/>\na los quince a\u00f1os no se saben m\u00e1s&#8230;<\/i><\/p>\n","protected":false},"excerpt":{"rendered":"<p>T\u00edtulo Palabras de Amor Medidas 50 x 61 cm T\u00e9cnica \u00d3leo sobre lienzo. M\u00fasica y letra: Joan Manuel Serrat. \u00c9l me quiso tanto&#8230; Yo a\u00fan sigo enamorada. Juntos atravesamos una puerta cerrada. \u00c9l, c\u00f3mo os dir\u00eda&#8230; era toda mi ocupaci\u00f3n, <span class=\"excerpt-dots\">&hellip;<\/span> <a class=\"more-link\" href=\"https:\/\/feguars.es\/?page_id=1468\"><span class=\"more-msg\">Sigue leyendo &rarr;<\/span><\/a><\/p>\n","protected":false},"author":1,"featured_media":1461,"parent":174,"menu_order":0,"comment_status":"closed","ping_status":"closed","template":"","meta":{"footnotes":""},"class_list":["post-1468","page","type-page","status-publish","has-post-thumbnail","hentry"],"_links":{"self":[{"href":"https:\/\/feguars.es\/index.php?rest_route=\/wp\/v2\/pages\/1468","targetHints":{"allow":["GET"]}}],"collection":[{"href":"https:\/\/feguars.es\/index.php?rest_route=\/wp\/v2\/pages"}],"about":[{"href":"https:\/\/feguars.es\/index.php?rest_route=\/wp\/v2\/types\/page"}],"author":[{"embeddable":true,"href":"https:\/\/feguars.es\/index.php?rest_route=\/wp\/v2\/users\/1"}],"replies":[{"embeddable":true,"href":"https:\/\/feguars.es\/index.php?rest_route=%2Fwp%2Fv2%2Fcomments&post=1468"}],"version-history":[{"count":1,"href":"https:\/\/feguars.es\/index.php?rest_route=\/wp\/v2\/pages\/1468\/revisions"}],"predecessor-version":[{"id":1469,"href":"https:\/\/feguars.es\/index.php?rest_route=\/wp\/v2\/pages\/1468\/revisions\/1469"}],"up":[{"embeddable":true,"href":"https:\/\/feguars.es\/index.php?rest_route=\/wp\/v2\/pages\/174"}],"wp:featuredmedia":[{"embeddable":true,"href":"https:\/\/feguars.es\/index.php?rest_route=\/wp\/v2\/media\/1461"}],"wp:attachment":[{"href":"https:\/\/feguars.es\/index.php?rest_route=%2Fwp%2Fv2%2Fmedia&parent=1468"}],"curies":[{"name":"wp","href":"https:\/\/api.w.org\/{rel}","templated":true}]}}