{"id":369,"date":"2016-01-28T12:19:31","date_gmt":"2016-01-28T12:19:31","guid":{"rendered":"http:\/\/feguars.es\/?page_id=369"},"modified":"2018-06-29T16:16:35","modified_gmt":"2018-06-29T16:16:35","slug":"blanco-saten","status":"publish","type":"page","link":"https:\/\/feguars.es\/?page_id=369","title":{"rendered":"Blanco Sat\u00e9n"},"content":{"rendered":"<p><a href=\"http:\/\/feguars.es\/wp-content\/uploads\/2016\/01\/Blanco-Saten-38x46-Cm..jpg\" data-gallery><img loading=\"lazy\" decoding=\"async\" class=\"aligncenter wp-image-809\" src=\"http:\/\/feguars.es\/wp-content\/uploads\/2016\/01\/Blanco-Saten-38x46-Cm.-300x245.jpg\" alt=\"Blanco Saten 38x46 Cm.\" width=\"411\" height=\"337\" srcset=\"https:\/\/feguars.es\/wp-content\/uploads\/2016\/01\/Blanco-Saten-38x46-Cm.-300x245.jpg 300w, https:\/\/feguars.es\/wp-content\/uploads\/2016\/01\/Blanco-Saten-38x46-Cm.-768x627.jpg 768w, https:\/\/feguars.es\/wp-content\/uploads\/2016\/01\/Blanco-Saten-38x46-Cm.-367x300.jpg 367w, https:\/\/feguars.es\/wp-content\/uploads\/2016\/01\/Blanco-Saten-38x46-Cm..jpg 900w\" sizes=\"auto, (max-width: 411px) 100vw, 411px\" \/><\/a><\/p>\n<table id=\"table53\" border=\"0\" width=\"100%\" cellpadding=\"0\">\n<tbody>\n<tr>\n<td width=\"30\"><\/td>\n<td width=\"24%\"><b><span style=\"font-family: Verdana; font-size: x-large;\">T\u00edtulo<\/span><\/b><\/td>\n<td><\/td>\n<\/tr>\n<tr>\n<td width=\"30\"><\/td>\n<td width=\"24%\"><b><span style=\"font-family: Verdana; font-size: x-large;\">Medidas<\/span><\/b><\/td>\n<td><span style=\"font-family: Verdana; font-size: x-large;\">38 x 46 cm<\/span><\/td>\n<\/tr>\n<tr>\n<td width=\"30\"><\/td>\n<td width=\"24%\"><b><span style=\"font-family: Verdana; font-size: x-large;\">T\u00e9cnica<\/span><\/b><\/td>\n<td><span style=\"font-family: Verdana; font-size: x-large;\">\u00d3leo sobre lienzo<\/span><\/td>\n<\/tr>\n<tr>\n<td width=\"30\"><\/td>\n<td colspan=\"2\"><b><span style=\"font-family: Verdana;\">Basado en la canci\u00f3n \u00ab<i>Noches de Blanco Sat\u00e9n<\/i>\u00bb del grupo Moody Blues.<\/span><\/b><\/td>\n<\/tr>\n<\/tbody>\n<\/table>\n","protected":false},"excerpt":{"rendered":"<p>T\u00edtulo Medidas 38 x 46 cm T\u00e9cnica \u00d3leo sobre lienzo Basado en la canci\u00f3n \u00abNoches de Blanco Sat\u00e9n\u00bb del grupo Moody Blues.<\/p>\n <a class=\"more-link\" href=\"https:\/\/feguars.es\/?page_id=369\"><span class=\"more-msg\">Sigue leyendo &rarr;<\/span><\/a>","protected":false},"author":1,"featured_media":809,"parent":174,"menu_order":0,"comment_status":"closed","ping_status":"closed","template":"","meta":{"footnotes":""},"class_list":["post-369","page","type-page","status-publish","has-post-thumbnail","hentry"],"_links":{"self":[{"href":"https:\/\/feguars.es\/index.php?rest_route=\/wp\/v2\/pages\/369","targetHints":{"allow":["GET"]}}],"collection":[{"href":"https:\/\/feguars.es\/index.php?rest_route=\/wp\/v2\/pages"}],"about":[{"href":"https:\/\/feguars.es\/index.php?rest_route=\/wp\/v2\/types\/page"}],"author":[{"embeddable":true,"href":"https:\/\/feguars.es\/index.php?rest_route=\/wp\/v2\/users\/1"}],"replies":[{"embeddable":true,"href":"https:\/\/feguars.es\/index.php?rest_route=%2Fwp%2Fv2%2Fcomments&post=369"}],"version-history":[{"count":4,"href":"https:\/\/feguars.es\/index.php?rest_route=\/wp\/v2\/pages\/369\/revisions"}],"predecessor-version":[{"id":1062,"href":"https:\/\/feguars.es\/index.php?rest_route=\/wp\/v2\/pages\/369\/revisions\/1062"}],"up":[{"embeddable":true,"href":"https:\/\/feguars.es\/index.php?rest_route=\/wp\/v2\/pages\/174"}],"wp:featuredmedia":[{"embeddable":true,"href":"https:\/\/feguars.es\/index.php?rest_route=\/wp\/v2\/media\/809"}],"wp:attachment":[{"href":"https:\/\/feguars.es\/index.php?rest_route=%2Fwp%2Fv2%2Fmedia&parent=369"}],"curies":[{"name":"wp","href":"https:\/\/api.w.org\/{rel}","templated":true}]}}