{"id":375,"date":"2016-01-28T12:25:39","date_gmt":"2016-01-28T12:25:39","guid":{"rendered":"http:\/\/feguars.es\/?page_id=375"},"modified":"2018-06-29T16:06:30","modified_gmt":"2018-06-29T16:06:30","slug":"la-cita","status":"publish","type":"page","link":"https:\/\/feguars.es\/?page_id=375","title":{"rendered":"Vailima"},"content":{"rendered":"<p><a href=\"http:\/\/feguars.es\/wp-content\/uploads\/2015\/11\/C21-Cita-en-Vailima-92x73-cm.jpg\" data-gallery><img loading=\"lazy\" decoding=\"async\" class=\"aligncenter wp-image-276 \" src=\"http:\/\/feguars.es\/wp-content\/uploads\/2015\/11\/C21-Cita-en-Vailima-92x73-cm-239x300.jpg\" alt=\"C21 Cita en Vailima 92x73 cm\" width=\"351\" height=\"435\" \/><\/a><\/p>\n<p>&nbsp;<\/p>\n<table id=\"table56\" border=\"0\" width=\"100%\" cellpadding=\"0\">\n<tbody>\n<tr>\n<td width=\"30\"><\/td>\n<td width=\"24%\"><b><span style=\"font-family: Verdana; font-size: x-large;\">T\u00edtulo<\/span><\/b><\/td>\n<td><span style=\"font-family: Verdana; font-size: x-large;\">Vailima<\/span><\/td>\n<\/tr>\n<tr>\n<td width=\"30\"><\/td>\n<td width=\"24%\"><b><span style=\"font-family: Verdana; font-size: x-large;\">Medidas<\/span><\/b><\/td>\n<td><span style=\"font-family: Verdana; font-size: x-large;\">92 x 73 cm<\/span><\/td>\n<\/tr>\n<tr>\n<td width=\"30\"><\/td>\n<td width=\"24%\"><b><span style=\"font-family: Verdana; font-size: x-large;\">T\u00e9cnica<\/span><\/b><\/td>\n<td><span style=\"font-family: Verdana; font-size: x-large;\">\u00d3leo sobre lienzo<\/span><\/td>\n<\/tr>\n<tr>\n<td width=\"30\"><\/td>\n<td colspan=\"2\"><b><span style=\"font-family: Verdana;\">Basado en la canci\u00f3n de Luis Eduardo Aute titulada \u00ab<i>Vailima<\/i>\u00ab.<\/span><\/b><\/td>\n<\/tr>\n<\/tbody>\n<\/table>\n<p style=\"text-align: center;\">Tambi\u00e9n pudiera ser<br \/>\nque huy\u00e9ramos hacia el azul<br \/>\ncon rumbo a un atol\u00f3n<br \/>\nperdido en los mares del sur,<br \/>\ny all\u00ed te construir\u00eda<br \/>\ncon corales y bamb\u00fa<br \/>\nuna caba\u00f1a bajo<br \/>\nun silencioso alud<br \/>\nde blanca luz.<br \/>\nVer\u00edamos junto a las olas<br \/>\na Daniel Defoe<br \/>\nbebiendo con John Silver<br \/>\nun barril de viejo ron,<br \/>\na Robert Louis Stevenson<br \/>\ncon una leve tos<br \/>\njug\u00e1ndose a Maureen O&#8217;hara<br \/>\nal domin\u00f3<br \/>\ncon Robinson.<br \/>\nY el tesoro de la isla<br \/>\nyace bajo algunas rimas<br \/>\nen la cumbre prohibida<br \/>\nde Vaea, en Vailima.<br \/>\nBaroja y Joseph Conrad<br \/>\nraptar\u00edan a Melville<br \/>\npara ponerlo a salvo<br \/>\nde la airada Moby Dick;<br \/>\ncon Shanti And\u00eda bailar\u00eda<br \/>\nun tamour\u00e9 Lord Jim,<br \/>\ncantado por Jacques Brel<br \/>\ndesde su Plat Pays<br \/>\nen Tahit\u00ed.<br \/>\nDel brazo ir\u00edan Garfio<br \/>\ny Don Ram\u00f3n del Valle-Incl\u00e1n,<br \/>\ncolgados de una nube<br \/>\ndel Mar de Nunca jam\u00e1s,<br \/>\ny el feo Bradom\u00edn,<br \/>\ncat\u00f3lico y sentimental,<br \/>\ndar\u00eda sus dos brazos<br \/>\npor poder volar<br \/>\ncon Peter Pan.<br \/>\nY el tesoro de la isla&#8230;<br \/>\nEn la familia Robinson<br \/>\nhabr\u00eda un ni\u00f1o m\u00e1s,<br \/>\nel Peque\u00f1o Salvaje<br \/>\nque so\u00f1ara Marryat;<br \/>\nperdido entre una flor<br \/>\ny una vahin\u00e9 de Paul Gauguin,<br \/>\nJonathan Wyss escribir\u00eda<br \/>\ncon champ\u00e1n:<br \/>\nFelicidad.<br \/>\nEn la taberna de Col\u00f3n<br \/>\nser\u00eda carnaval,<br \/>\nSalgari se disfrazar\u00eda<br \/>\nde C\u00e1pitan Grant,<br \/>\nde carabela, Verne,<br \/>\nde Jack London, Sandok\u00e1n,<br \/>\nde Yvonne de Carlo, t\u00fa,<br \/>\nyo, de lobo de Mar,<br \/>\no de Simbad.<br \/>\nY el tesoro de la isla<br \/>\nyace bajo algunas rimas<br \/>\nen la cumbre prohibida<br \/>\nde Vaea, en Vailima&#8230;<\/p>\n","protected":false},"excerpt":{"rendered":"<p>&nbsp; T\u00edtulo Vailima Medidas 92 x 73 cm T\u00e9cnica \u00d3leo sobre lienzo Basado en la canci\u00f3n de Luis Eduardo Aute titulada \u00abVailima\u00ab. Tambi\u00e9n pudiera ser que huy\u00e9ramos hacia el azul con rumbo a un atol\u00f3n perdido en los mares del <span class=\"excerpt-dots\">&hellip;<\/span> <a class=\"more-link\" href=\"https:\/\/feguars.es\/?page_id=375\"><span class=\"more-msg\">Sigue leyendo &rarr;<\/span><\/a><\/p>\n","protected":false},"author":1,"featured_media":276,"parent":174,"menu_order":0,"comment_status":"closed","ping_status":"closed","template":"","meta":{"footnotes":""},"class_list":["post-375","page","type-page","status-publish","has-post-thumbnail","hentry"],"_links":{"self":[{"href":"https:\/\/feguars.es\/index.php?rest_route=\/wp\/v2\/pages\/375","targetHints":{"allow":["GET"]}}],"collection":[{"href":"https:\/\/feguars.es\/index.php?rest_route=\/wp\/v2\/pages"}],"about":[{"href":"https:\/\/feguars.es\/index.php?rest_route=\/wp\/v2\/types\/page"}],"author":[{"embeddable":true,"href":"https:\/\/feguars.es\/index.php?rest_route=\/wp\/v2\/users\/1"}],"replies":[{"embeddable":true,"href":"https:\/\/feguars.es\/index.php?rest_route=%2Fwp%2Fv2%2Fcomments&post=375"}],"version-history":[{"count":5,"href":"https:\/\/feguars.es\/index.php?rest_route=\/wp\/v2\/pages\/375\/revisions"}],"predecessor-version":[{"id":1006,"href":"https:\/\/feguars.es\/index.php?rest_route=\/wp\/v2\/pages\/375\/revisions\/1006"}],"up":[{"embeddable":true,"href":"https:\/\/feguars.es\/index.php?rest_route=\/wp\/v2\/pages\/174"}],"wp:featuredmedia":[{"embeddable":true,"href":"https:\/\/feguars.es\/index.php?rest_route=\/wp\/v2\/media\/276"}],"wp:attachment":[{"href":"https:\/\/feguars.es\/index.php?rest_route=%2Fwp%2Fv2%2Fmedia&parent=375"}],"curies":[{"name":"wp","href":"https:\/\/api.w.org\/{rel}","templated":true}]}}