{"id":4083,"date":"2025-09-02T16:16:47","date_gmt":"2025-09-02T16:16:47","guid":{"rendered":"https:\/\/feguars.es\/?page_id=4083"},"modified":"2025-09-02T16:38:16","modified_gmt":"2025-09-02T16:38:16","slug":"jazz-latino","status":"publish","type":"page","link":"https:\/\/feguars.es\/?page_id=4083","title":{"rendered":"JAZZ LATINO"},"content":{"rendered":"<p><a href=\"https:\/\/feguars.es\/?attachment_id=4070\"><img loading=\"lazy\" decoding=\"async\" class=\"aligncenter wp-image-4070 size-medium\" src=\"http:\/\/feguars.es\/wp-content\/uploads\/2025\/09\/Jazz-Latino-81-x-60-cm-219x300.jpg\" alt=\"\" width=\"219\" height=\"300\" srcset=\"https:\/\/feguars.es\/wp-content\/uploads\/2025\/09\/Jazz-Latino-81-x-60-cm-219x300.jpg 219w, https:\/\/feguars.es\/wp-content\/uploads\/2025\/09\/Jazz-Latino-81-x-60-cm-748x1024.jpg 748w, https:\/\/feguars.es\/wp-content\/uploads\/2025\/09\/Jazz-Latino-81-x-60-cm-768x1051.jpg 768w, https:\/\/feguars.es\/wp-content\/uploads\/2025\/09\/Jazz-Latino-81-x-60-cm-1122x1536.jpg 1122w, https:\/\/feguars.es\/wp-content\/uploads\/2025\/09\/Jazz-Latino-81-x-60-cm.jpg 1388w\" sizes=\"auto, (max-width: 219px) 100vw, 219px\" \/><\/a><\/p>\n<p>&nbsp;<\/p>\n<table width=\"94%\">\n<tbody>\n<tr>\n<td width=\"24%\"><strong>T\u00edtulo<\/strong><\/td>\n<td>JAZZ LATINO<\/td>\n<\/tr>\n<tr>\n<td width=\"24%\"><strong>Medidas<\/strong><\/td>\n<td>60 x 81 cm<\/td>\n<\/tr>\n<tr>\n<td width=\"24%\"><strong>T\u00e9cnica<\/strong><\/td>\n<td>\u00d3leo sobre lienzo.<\/td>\n<\/tr>\n<tr>\n<td colspan=\"2\"><strong>Basado en la canci\u00f3n: El Mareito de Mario Bauza.<\/strong><\/td>\n<\/tr>\n<\/tbody>\n<\/table>\n<p>&nbsp;<\/p>\n<p>&nbsp;<\/p>\n","protected":false},"excerpt":{"rendered":"<p>&nbsp; T\u00edtulo JAZZ LATINO Medidas 60 x 81 cm T\u00e9cnica \u00d3leo sobre lienzo. Basado en la canci\u00f3n: El Mareito de Mario Bauza. &nbsp; &nbsp;<\/p>\n <a class=\"more-link\" href=\"https:\/\/feguars.es\/?page_id=4083\"><span class=\"more-msg\">Sigue leyendo &rarr;<\/span><\/a>","protected":false},"author":1,"featured_media":4070,"parent":174,"menu_order":0,"comment_status":"closed","ping_status":"closed","template":"","meta":{"footnotes":""},"class_list":["post-4083","page","type-page","status-publish","has-post-thumbnail","hentry"],"_links":{"self":[{"href":"https:\/\/feguars.es\/index.php?rest_route=\/wp\/v2\/pages\/4083","targetHints":{"allow":["GET"]}}],"collection":[{"href":"https:\/\/feguars.es\/index.php?rest_route=\/wp\/v2\/pages"}],"about":[{"href":"https:\/\/feguars.es\/index.php?rest_route=\/wp\/v2\/types\/page"}],"author":[{"embeddable":true,"href":"https:\/\/feguars.es\/index.php?rest_route=\/wp\/v2\/users\/1"}],"replies":[{"embeddable":true,"href":"https:\/\/feguars.es\/index.php?rest_route=%2Fwp%2Fv2%2Fcomments&post=4083"}],"version-history":[{"count":1,"href":"https:\/\/feguars.es\/index.php?rest_route=\/wp\/v2\/pages\/4083\/revisions"}],"predecessor-version":[{"id":4084,"href":"https:\/\/feguars.es\/index.php?rest_route=\/wp\/v2\/pages\/4083\/revisions\/4084"}],"up":[{"embeddable":true,"href":"https:\/\/feguars.es\/index.php?rest_route=\/wp\/v2\/pages\/174"}],"wp:featuredmedia":[{"embeddable":true,"href":"https:\/\/feguars.es\/index.php?rest_route=\/wp\/v2\/media\/4070"}],"wp:attachment":[{"href":"https:\/\/feguars.es\/index.php?rest_route=%2Fwp%2Fv2%2Fmedia&parent=4083"}],"curies":[{"name":"wp","href":"https:\/\/api.w.org\/{rel}","templated":true}]}}