{"id":4089,"date":"2025-09-02T16:53:33","date_gmt":"2025-09-02T16:53:33","guid":{"rendered":"https:\/\/feguars.es\/?page_id=4089"},"modified":"2025-09-02T16:53:33","modified_gmt":"2025-09-02T16:53:33","slug":"merche-caballud-albiac-vivencias","status":"publish","type":"page","link":"https:\/\/feguars.es\/?page_id=4089","title":{"rendered":"Merche Caballud  Albiac  &#8211; Vivencias"},"content":{"rendered":"<p>Joaquin Ferrer es un pintor comprometido que lucha por conducir nuestro recuerdo musical y literario, nuestras vivencias tan queridas y a menudo olvidadas, al lienzo. Pintor desde muy joven, con ansias de aprender y recorrer algo que s\u00f3lo intu\u00eda, se ha ido instalando en\u00a0 un estilo pict\u00f3rico entre naif y geom\u00e9trico, lleno de color, frescura y a menudo alegre y aun humor\u00edstico. Su obra pict\u00f3rica, ya extensa, le ha convertido en int\u00e9rprete de muchos estados y momentos de nuestro mundo, pint\u00e1ndolo en homenajes literarios y musicales preferentemente, sin desde\u00f1ar los gozos de la vida, la armon\u00eda de los seres y un amable bailoteo del color y de las formas que dan vida a la geometr\u00eda c\u00e1lida cercana al juego y a los sue\u00f1os. Una de sus mayores influencias es Kandinsky<\/p>\n<p>Podemos\u00a0 destacar los homenajes a grandes artistas de la canci\u00f3n como Luis Eduardo Aute, Joan Manuel Serrat, Joaqu\u00edn Sabina y a composiciones de Ennio Morricone.<\/p>\n<p>Su dedicaci\u00f3n y su lucha por aprender y mejorar le ha llevado a una obra consolidada y reconocible, sin perder su impulso primigenio pero siempre abierta a \u00a0cierta experimentaci\u00f3n y dando entrada a nuevos y muy variados temas.<\/p>\n<p>Una nueva Exposici\u00f3n\u00a0 de la obra de Joaqu\u00edn Ferrer \u201cFeguars\u201d compartir\u00e1 con caspolinos y visitantes las mejores obras del artista.<\/p>\n","protected":false},"excerpt":{"rendered":"<p>Joaquin Ferrer es un pintor comprometido que lucha por conducir nuestro recuerdo musical y literario, nuestras vivencias tan queridas y a menudo olvidadas, al lienzo. Pintor desde muy joven, con ansias de aprender y recorrer algo que s\u00f3lo intu\u00eda, se <span class=\"excerpt-dots\">&hellip;<\/span> <a class=\"more-link\" href=\"https:\/\/feguars.es\/?page_id=4089\"><span class=\"more-msg\">Sigue leyendo &rarr;<\/span><\/a><\/p>\n","protected":false},"author":1,"featured_media":0,"parent":100,"menu_order":0,"comment_status":"closed","ping_status":"closed","template":"","meta":{"footnotes":""},"class_list":["post-4089","page","type-page","status-publish","hentry"],"_links":{"self":[{"href":"https:\/\/feguars.es\/index.php?rest_route=\/wp\/v2\/pages\/4089","targetHints":{"allow":["GET"]}}],"collection":[{"href":"https:\/\/feguars.es\/index.php?rest_route=\/wp\/v2\/pages"}],"about":[{"href":"https:\/\/feguars.es\/index.php?rest_route=\/wp\/v2\/types\/page"}],"author":[{"embeddable":true,"href":"https:\/\/feguars.es\/index.php?rest_route=\/wp\/v2\/users\/1"}],"replies":[{"embeddable":true,"href":"https:\/\/feguars.es\/index.php?rest_route=%2Fwp%2Fv2%2Fcomments&post=4089"}],"version-history":[{"count":1,"href":"https:\/\/feguars.es\/index.php?rest_route=\/wp\/v2\/pages\/4089\/revisions"}],"predecessor-version":[{"id":4090,"href":"https:\/\/feguars.es\/index.php?rest_route=\/wp\/v2\/pages\/4089\/revisions\/4090"}],"up":[{"embeddable":true,"href":"https:\/\/feguars.es\/index.php?rest_route=\/wp\/v2\/pages\/100"}],"wp:attachment":[{"href":"https:\/\/feguars.es\/index.php?rest_route=%2Fwp%2Fv2%2Fmedia&parent=4089"}],"curies":[{"name":"wp","href":"https:\/\/api.w.org\/{rel}","templated":true}]}}