{"id":4091,"date":"2025-09-02T16:55:00","date_gmt":"2025-09-02T16:55:00","guid":{"rendered":"https:\/\/feguars.es\/?page_id=4091"},"modified":"2025-09-02T16:55:00","modified_gmt":"2025-09-02T16:55:00","slug":"alberto-cortez","status":"publish","type":"page","link":"https:\/\/feguars.es\/?page_id=4091","title":{"rendered":"Alberto Cortez"},"content":{"rendered":"<p>Me siento halagado que haya\u00a0 escogido\u00a0 algunos de mis versos como inspiraci\u00f3n para dar rienda suelta a su imaginaci\u00f3n y desarrollar, \u00a0a trav\u00e9s del pincel su sentir m\u00e1s hondo alrededor de la idea.<\/p>\n<p>Su t\u00e9cnicas en el manejo del abstracto es\u00a0 definitivamente la voz m\u00e1s po\u00e9tica que puede un artista pl\u00e1stico\u00a0 proyectar.<\/p>\n<p>Le regalo una estrofa del m\u00e1s grande poeta de mi pa\u00eds\u00a0\u00a0 Jos\u00e9 Hern\u00e1ndez, extra\u00eddo de su libro Mart\u00edn Fierro.<\/p>\n<blockquote>\n<p style=\"padding-left: 40px;\">LO QUE PINTA ESTE PINCEL<br \/>\nNI EL TIEMPO LO HA DE BORRAR,<br \/>\nY NADIE SE HA DE ANIMAR<br \/>\nA CORREGIRME LA PLANA;<br \/>\nNO PINTA QUIEN TIENE GANAS<br \/>\nSINO QUIEN SABE PINTAR.<\/p>\n<\/blockquote>\n<p>&nbsp;<\/p>\n<p>Le env\u00edo un cordial abrazo al tiempo que le deseo un gran vuelo para su pintura.<\/p>\n<p>&nbsp;<\/p>\n<p>Alberto Cortez.<\/p>\n","protected":false},"excerpt":{"rendered":"<p>Me siento halagado que haya\u00a0 escogido\u00a0 algunos de mis versos como inspiraci\u00f3n para dar rienda suelta a su imaginaci\u00f3n y desarrollar, \u00a0a trav\u00e9s del pincel su sentir m\u00e1s hondo alrededor de la idea. Su t\u00e9cnicas en el manejo del abstracto <span class=\"excerpt-dots\">&hellip;<\/span> <a class=\"more-link\" href=\"https:\/\/feguars.es\/?page_id=4091\"><span class=\"more-msg\">Sigue leyendo &rarr;<\/span><\/a><\/p>\n","protected":false},"author":1,"featured_media":0,"parent":100,"menu_order":0,"comment_status":"closed","ping_status":"closed","template":"","meta":{"footnotes":""},"class_list":["post-4091","page","type-page","status-publish","hentry"],"_links":{"self":[{"href":"https:\/\/feguars.es\/index.php?rest_route=\/wp\/v2\/pages\/4091","targetHints":{"allow":["GET"]}}],"collection":[{"href":"https:\/\/feguars.es\/index.php?rest_route=\/wp\/v2\/pages"}],"about":[{"href":"https:\/\/feguars.es\/index.php?rest_route=\/wp\/v2\/types\/page"}],"author":[{"embeddable":true,"href":"https:\/\/feguars.es\/index.php?rest_route=\/wp\/v2\/users\/1"}],"replies":[{"embeddable":true,"href":"https:\/\/feguars.es\/index.php?rest_route=%2Fwp%2Fv2%2Fcomments&post=4091"}],"version-history":[{"count":1,"href":"https:\/\/feguars.es\/index.php?rest_route=\/wp\/v2\/pages\/4091\/revisions"}],"predecessor-version":[{"id":4092,"href":"https:\/\/feguars.es\/index.php?rest_route=\/wp\/v2\/pages\/4091\/revisions\/4092"}],"up":[{"embeddable":true,"href":"https:\/\/feguars.es\/index.php?rest_route=\/wp\/v2\/pages\/100"}],"wp:attachment":[{"href":"https:\/\/feguars.es\/index.php?rest_route=%2Fwp%2Fv2%2Fmedia&parent=4091"}],"curies":[{"name":"wp","href":"https:\/\/api.w.org\/{rel}","templated":true}]}}