{"id":4153,"date":"2025-09-08T16:43:17","date_gmt":"2025-09-08T16:43:17","guid":{"rendered":"https:\/\/feguars.es\/?page_id=4153"},"modified":"2025-09-08T17:43:56","modified_gmt":"2025-09-08T17:43:56","slug":"arte-en-la-frontera-javier-espada","status":"publish","type":"page","link":"https:\/\/feguars.es\/?page_id=4153","title":{"rendered":"ARTE EN LA FRONTERA &#8211; Javier Espada"},"content":{"rendered":"<p>Los territorios fronterizos siempre son m\u00e1s ricos cuanto m\u00e1s permeables son sus fronteras, cuanto menor es su aislamiento. Tambi\u00e9n en el Arte. Los cuadros de Joaqu\u00edn Ferrer Guallar (FEGUARS) surgen de esa frontera impuesta por los sentidos que separa la m\u00fasica de la pintura. Es una inspiraci\u00f3n tan llena de colorido y con un simbolismo tan visual que se vislumbra el ritmo, adem\u00e1s de emerger algunos contenidos de las canciones que le sirven de inspiraci\u00f3n.<\/p>\n<p>La honda influencia de pintores vanguardistas rusos como Wassily Kandinsky en el colorido o del Suprematismo de Mal\u00e9vich en la simplicidad de las formas adquieren personalidad propia en las obras de FEGUARS, con un estilo personal y reconocible, hasta el punto de generar a lo largo de su dilatado trabajo en el tiempo una especie de escritura exclusiva, elemental y po\u00e9tica.<\/p>\n<p>Pero las obras de FEGUARS tienen una lectura m\u00e1s rica, no limitada al mundo pict\u00f3rico, pues cada obra tambi\u00e9n se puede ver como un film con sus fotogramas evocados, con la acci\u00f3n deconstruida en s\u00edmbolos y con su particular banda sonora.<\/p>\n<p>Arte en la frontera entre lo est\u00e1tico del cuadro, el movimiento que sugiere y el tiempo evocado con ritmos vanguardistas, tambi\u00e9n en la propia frontera del Arte que lucha por ensanchar sus l\u00edmites y romper sus moldes.<\/p>\n<p><img loading=\"lazy\" decoding=\"async\" class=\"wp-image-4177 size-medium alignnone\" src=\"http:\/\/feguars.es\/wp-content\/uploads\/2025\/09\/Javier_Espada_foto_Delia_Martinez_-300x200.jpg\" alt=\"\" width=\"300\" height=\"200\" srcset=\"https:\/\/feguars.es\/wp-content\/uploads\/2025\/09\/Javier_Espada_foto_Delia_Martinez_-300x200.jpg 300w, https:\/\/feguars.es\/wp-content\/uploads\/2025\/09\/Javier_Espada_foto_Delia_Martinez_-1024x683.jpg 1024w, https:\/\/feguars.es\/wp-content\/uploads\/2025\/09\/Javier_Espada_foto_Delia_Martinez_-768x512.jpg 768w, https:\/\/feguars.es\/wp-content\/uploads\/2025\/09\/Javier_Espada_foto_Delia_Martinez_-1536x1024.jpg 1536w, https:\/\/feguars.es\/wp-content\/uploads\/2025\/09\/Javier_Espada_foto_Delia_Martinez_.jpg 1920w\" sizes=\"auto, (max-width: 300px) 100vw, 300px\" \/><\/p>\n<p>Javier Espada<\/p>\n","protected":false},"excerpt":{"rendered":"<p>Los territorios fronterizos siempre son m\u00e1s ricos cuanto m\u00e1s permeables son sus fronteras, cuanto menor es su aislamiento. Tambi\u00e9n en el Arte. Los cuadros de Joaqu\u00edn Ferrer Guallar (FEGUARS) surgen de esa frontera impuesta por los sentidos que separa la <span class=\"excerpt-dots\">&hellip;<\/span> <a class=\"more-link\" href=\"https:\/\/feguars.es\/?page_id=4153\"><span class=\"more-msg\">Sigue leyendo &rarr;<\/span><\/a><\/p>\n","protected":false},"author":1,"featured_media":4177,"parent":100,"menu_order":0,"comment_status":"closed","ping_status":"closed","template":"","meta":{"footnotes":""},"class_list":["post-4153","page","type-page","status-publish","has-post-thumbnail","hentry"],"_links":{"self":[{"href":"https:\/\/feguars.es\/index.php?rest_route=\/wp\/v2\/pages\/4153","targetHints":{"allow":["GET"]}}],"collection":[{"href":"https:\/\/feguars.es\/index.php?rest_route=\/wp\/v2\/pages"}],"about":[{"href":"https:\/\/feguars.es\/index.php?rest_route=\/wp\/v2\/types\/page"}],"author":[{"embeddable":true,"href":"https:\/\/feguars.es\/index.php?rest_route=\/wp\/v2\/users\/1"}],"replies":[{"embeddable":true,"href":"https:\/\/feguars.es\/index.php?rest_route=%2Fwp%2Fv2%2Fcomments&post=4153"}],"version-history":[{"count":5,"href":"https:\/\/feguars.es\/index.php?rest_route=\/wp\/v2\/pages\/4153\/revisions"}],"predecessor-version":[{"id":4179,"href":"https:\/\/feguars.es\/index.php?rest_route=\/wp\/v2\/pages\/4153\/revisions\/4179"}],"up":[{"embeddable":true,"href":"https:\/\/feguars.es\/index.php?rest_route=\/wp\/v2\/pages\/100"}],"wp:featuredmedia":[{"embeddable":true,"href":"https:\/\/feguars.es\/index.php?rest_route=\/wp\/v2\/media\/4177"}],"wp:attachment":[{"href":"https:\/\/feguars.es\/index.php?rest_route=%2Fwp%2Fv2%2Fmedia&parent=4153"}],"curies":[{"name":"wp","href":"https:\/\/api.w.org\/{rel}","templated":true}]}}